.
10
What is the remainder when 123/3 - (2 + -4) is divided by 12?
7
Suppose 38 = l - 4*v + 8*v, l - 13 = v. What is the remainder when 71 is divided by l?
17
Suppose 2*o + 54 = 4*o. What is the remainder when 52 is divided by o?
25
Suppose 6*v + 48 = 10*v. Calculate the remainder when 35 is divided by v.
11
Suppose 3*r - 31 = -10. Suppose -7*o + 8*o = r. Suppose 3*x - 111 = -33. Calculate the remainder when x is divided by o.
5
Let b = 49 + -27. Calculate the remainder when 63 is divided by b.
19
Let j(q) = 34*q**3 + q**2 - 2*q + 1. Suppose -4*c + 47 = -45. Calculate the remainder when j(1) is divided by 1 + (c + -1)/2.
10
Suppose 10*f = 5*f - 20. Let g(j) = -j + 2. What is the remainder when 11 is divided by g(f)?
5
Let b be (60/(-18))/((-2)/45). Suppose -b = -3*v + 18. Calculate the remainder when v is divided by 11.
9
Let x be 0*(2 + -3) - 1. Let d(n) = -13*n**3 - n**2 - n - 1. What is the remainder when 22 is divided by d(x)?
10
Calculate the remainder when 53 + 1 + 0/(-12) is divided by 19.
16
Let t(d) = d + 10. Let i = 10 - 10. Calculate the remainder when 39 is divided by t(i).
9
Suppose 3*z + 5 = -2*z. Let c(f) = 3*f + 1 - 3*f + 17*f**2. What is the remainder when c(z) is divided by 10?
8
Suppose 2*k - 73 = -5*u, 2*k = -4*u + 53 + 5. Calculate the remainder when 58 is divided by u.
13
Let d(s) = -s + 3. Let a = -10 - -3. What is the remainder when 28 is divided by d(a)?
8
Let s = 30 + -5. Calculate the remainder when s is divided by 14.
11
Suppose 0 = -w + 8*w - 133. What is the remainder when w is divided by 13?
6
Suppose 3*y = -5*y + 120. What is the remainder when 72 is divided by y?
12
Let z be (2/7)/(3/21). Suppose -7 = z*q - 3*u, 4*u - 8 = 2*q - 0. Let v(s) = 4*s**2 + 4*s + 3. What is the remainder when 19 is divided by v(q)?
8
Suppose 2*v + 11 = 75. Calculate the remainder when 62 is divided by v.
30
Let j = 10 - -22. Calculate the remainder when 126 is divided by j.
30
Let s be (-3)/(1 - (-22)/(-23)). Let q = s + 99. What is the remainder when q is divided by 16?
14
Suppose -9 - 7 = -4*m. Let u = 46 + -28. Suppose -u = -4*s - 5*y, 2*s + 3*y - 22 = -2*s. What is the remainder when s is divided by m?
3
Let y(i) = 3*i**2 + 1 + 9*i - 5 - 4*i**2. Suppose 3*d = 8*d - 25. What is the remainder when y(d) is divided by 6?
4
Let j = 4 - 2. Suppose 0 = -2*q - q - 4*a, 18 = 3*q - j*a. Suppose -80 = -5*w - 2*x, 0*w + 71 = q*w + 3*x. What is the remainder when 26 is divided by w?
12
What is the remainder when (1/2)/(1/118) is divided by 15?
14
Suppose 5*c - 9 = 1, -j + 2*c + 17 = 0. Suppose 4*d + 0 = i + 1, 0 = 2*i + 3*d + 57. Let k = -13 - i. What is the remainder when j is divided by k?
5
Let y = 6 + -3. Suppose n - 1 = -y*g + 21, g + 30 = n. Calculate the remainder when n is divided by 10.
8
Suppose 3*w - 23 = 4. What is the remainder when 35 is divided by w?
8
Suppose -5*p + 5 = -a - 0, -p - 13 = -3*a. What is the remainder when 24 is divided by a?
4
Suppose -p = 0, -g - 19 = -2*g - 3*p. Calculate the remainder when 54 is divided by g.
16
Let r = -33 - -127. Let p be 2/(-5) + (-24)/(-10). Calculate the remainder when 3/(12/r)*p is divided by 12.
11
Let w(b) = 4*b - 43. Suppose r - 24 = -r. Calculate the remainder when w(16) is divided by r.
9
Let z = 22 + -20. Let h(p) = p**3 + p**2 + 5. What is the remainder when h(0) is divided by z?
1
Let z(i) = -2*i**2 - 10*i + 11. Let a = 101 - 69. Calculate the remainder when a is divided by z(-5).
10
Let p(v) = v. Let t be p(-2). Let w = 12 - t. What is the remainder when 4 - (3 + -4)*36 is divided by w?
12
Suppose -3*s = -0*s - 12. What is the remainder when 6 is divided by s?
2
Let s(z) = 10*z**2 - 3*z. Let d be (0 - (15 - -1)) + 2. Let y = d - -26. What is the remainder when s(2) is divided by y?
10
Let a = 89 + -42. What is the remainder when a is divided by 16?
15
Let q(f) = -f**2 - 20*f - 32. What is the remainder when 36 is divided by q(-17)?
17
Let m = -4 - -8. Let j(q) = -4 + 0*q - 1 + 2*q**2 - 3*q. Calculate the remainder when j(m) is divided by 8.
7
Let r be -1*1 - (-2)/(-1). Calculate the remainder when 49 is divided by r - -1 - 0 - -15.
10
Let i = -102 - -209. What is the remainder when i is divided by 27?
26
Let n(h) = h**3 + 3*h**2 - 4*h + 1. Let y be n(-3). Suppose -4 = 5*l - 14. Calculate the remainder when 24 is divided by y/l*10/5.
11
Let p be 6/3 + 0 + 1. What is the remainder when 5 is divided by -6*p/(-12)*2?
2
Let u(n) = -n**2 + 7*n. Let d(m) = m**2 + 4*m + 14. Calculate the remainder when d(-4) is divided by u(6).
2
Let p = 14 + -15. Calculate the remainder when p*(-43)/(-3)*-3 is divided by 22.
21
Suppose 3*r - 3*g = 159, r - 2*g = -3*g + 59. Calculate the remainder when r is divided by 19.
18
Let y = -6 + 30. What is the remainder when 94 is divided by y?
22
Let y(u) = u**3 + 15*u**2 + 15*u + 21. Let t be y(-14). Suppose -25 - t = -q. What is the remainder when q is divided by 17?
15
Let m = -17 + 26. Let w = 9 + -4. Let i(l) = l**2 - l + 5. Calculate the remainder when i(w) is divided by m.
7
Let u = -6 - -12. Suppose 5*n - 3*q - 81 + 7 = 0, -2*n + 4*q + 24 = 0. Suppose r - n = -0*r. What is the remainder when r is divided by u?
4
Let w = 7 + -5. Suppose -11 = -4*t + 5*f, -11 = 4*t - 7*t + f. Suppose -s + 8 = 7*x - 3*x, -x = -t*s - 2. What is the remainder when x is divided by w?
0
Let q(k) = -k**2 - 8*k. Let f be q(-6). Calculate the remainder when 49 is divided by 9/6*136/f.
15
Let l = -13 + -12. Let z = 4 - l. Calculate the remainder when z is divided by 10.
9
Suppose -6*w + 2*w = -56. Let j = w + -9. Suppose 0 = 3*f - 0*f - j*y - 11, -4*y = -5*f + 14. Calculate the remainder when 5 is divided by f.
1
Suppose 7*h = 4*h - 33. Let b = -8 - h. Calculate the remainder when b is divided by 2.
1
Suppose 4*l - n = 4*n + 84, -3*n - 92 = -5*l. Calculate the remainder when l is divided by 2/(-3) - 29/(-3).
7
Let m = 6 - 3. What is the remainder when m/(3 - (-20)/(-7)) is divided by 11?
10
Suppose -59 = -2*v - 3. What is the remainder when v is divided by ((9 + 1)*2)/2?
8
Let y = 15 - 10. What is the remainder when 14 is divided by y?
4
Let w be (-3)/9*(1 + 5). Calculate the remainder when (w - (-9)/6)*-74 is divided by 20.
17
Let s be 1 + 6/3 + -4. Let l be s/(((-3)/(-1))/15). Let q = l + 9. Calculate the remainder when 6 is divided by q.
2
Suppose 2*u - 13 = 39. Suppose s - 11 = -5*k, 10*s - 4*k - u = 5*s. What is the remainder when 14 is divided by s?
2
Suppose 5*i = 8 + 2. Suppose -2*y + 8 = i*y. Suppose 4*k - 59 = -5*c + 2*k, 3*c - y*k = 45. What is the remainder when c is divided by 5?
3
Calculate the remainder when (-12)/48 + 466/8 is divided by 16.
10
Let v(f) = 27*f - 1. Let d be v(1). Let p = d + -17. What is the remainder when p is divided by 3?
0
Calculate the remainder when 11/((-28)/(-12) + -2) is divided by 0 + 2/4*34.
16
Let a = 50 + -42. What is the remainder when 63 is divided by a?
7
Let r(x) = -x**2 + 16. Let h be r(0). Calculate the remainder when 0 - -2 - h*-1 is divided by 5 - ((-6)/(-1))/(-3).
4
Let q(a) = -a**2 + 12*a + 7. Let i(c) = 3*c - 15. Let m be i(9). What is the remainder when q(m) is divided by (2*1 - 1)*4?
3
Suppose 9*d - 6*d - 9 = 0. Suppose d*n + 36 = 5*n. What is the remainder when 34 is divided by n?
16
Let u be (3/6)/((-2)/44). Let x be 3 - (-3 + 5) - u. Let z = x + -3. Calculate the remainder when 34 is divided by z.
7
Suppose a = 3*a - 2. Let b = 36 + -35. What is the remainder when b is divided by a?
0
Let y be 0*1*(-1 + 0). Let x(c) = -38*c**2 - 2*c - 2. Let d be x(-1). What is the remainder when -1 - d/(y + 2) is divided by 10?
8
Let u = -130 + 185. Calculate the remainder when 162 is divided by u.
52
Let o = -10 + 34. Let g = o + 41. Calculate the remainder when g is divided by 17.
14
Suppose -40 = -0*w - w. Let m = -20 + w. Calculate the remainder when m is divided by 5/10*(13 - -1).
6
Let q(w) = -13*w - 29. Calculate the remainder when q(-4) is divided by 12.
11
Suppose -3*u = -3*c + 3 + 3, 0 = -2*c - 3*u + 24. Calculate the remainder when c is divided by 4.
2
Suppose 3*c + 44 = 4*c. What is the remainder when c is divided by 15?
14
Suppose -5*p = 5 - 30. Suppose 4*k = 5*a + 24, 5 = 5*k - a - 25. What is the remainder when k is divided by p?
1
Suppose 2*l - 3*l = 3*n + 33, 3*n - 3*l + 21 = 0. What is the remainder when 35 is 